{"id":14,"date":"2021-02-15T15:46:10","date_gmt":"2021-02-15T14:46:10","guid":{"rendered":"http:\/\/www.agme.be\/?page_id=14"},"modified":"2026-01-06T18:02:10","modified_gmt":"2026-01-06T17:02:10","slug":"quid","status":"publish","type":"page","link":"https:\/\/www.agme.be\/index.php\/quid\/","title":{"rendered":"Quid ?"},"content":{"rendered":"\n<blockquote class=\"wp-block-quote is-layout-flow wp-block-quote-is-layout-flow\">\n<p>Agme signifie: <strong>A<\/strong>ssociation des m\u00e9decins <strong>g<\/strong>\u00e9n\u00e9ralistes de <strong>M<\/strong>ouscron et <strong>E<\/strong>staimpuis.<\/p>\n<\/blockquote>\n\n\n\n<p>Notre association en ASBL a \u00e9t\u00e9 cr\u00e9\u00e9e le 14 janvier 2003.<\/p>\n\n\n\n<p>L&rsquo;objectif principal de notre association \u00e9tait au d\u00e9part de regrouper les diff\u00e9rents r\u00f4les de garde des m\u00e9decins g\u00e9n\u00e9ralistes de la r\u00e9gion: Mouscron, Luingne, Dottignies, Herseaux et Estaimpuis. <\/p>\n\n\n\n<p>Depuis 2011, c&rsquo;est chose faite.<br><br><br>Gr\u00e2ce \u00e0 ce site internet, les membres peuvent directement visualiser le r\u00f4le de garde, et ce en ligne.<br><br>Ainsi, tous les m\u00e9decins de la r\u00e9gion peuvent s&rsquo;informer sur les derni\u00e8res mises \u00e0 jour des diff\u00e9rentes gardes.<br><br><br>Si vous souhaitez obtenir un code d&rsquo;acc\u00e8s, <a href=\"mailto:hamoirjf@agme.be\">cliquez ici<\/a> pour envoyer un mail en pr\u00e9cisant votre code inami dans le contenu du mail. Vous recevrez alors les informations n\u00e9cessaires par mail.<br><br>Si vous souhaitez des informations sur l&rsquo;AGME, <a href=\"mailto:info@agme.be?subject=Demande d'information&amp;body=Veuillez%20entrer%20votre%20code%20inami%20:%20%0A\">cliquez ici<\/a> pour envoyer un mail en pr\u00e9cisant votre code inami dans le contenu du mail. Vous recevrez alors les informations n\u00e9cessaires par mail.<\/p>\n","protected":false},"excerpt":{"rendered":"<p>Agme signifie: Association des m\u00e9decins g\u00e9n\u00e9ralistes de Mouscron et Estaimpuis. Notre association en ASBL a \u00e9t\u00e9 cr\u00e9\u00e9e le 14 janvier 2003. L&rsquo;objectif principal de notre association \u00e9tait au d\u00e9part de regrouper les diff\u00e9rents r\u00f4les de garde des m\u00e9decins g\u00e9n\u00e9ralistes de la r\u00e9gion: Mouscron, Luingne, Dottignies, Herseaux et Estaimpuis. Depuis 2011, c&rsquo;est chose faite. Gr\u00e2ce \u00e0 &hellip; <\/p>\n<p class=\"link-more\"><a href=\"https:\/\/www.agme.be\/index.php\/quid\/\" class=\"more-link\">Continuer la lecture<span class=\"screen-reader-text\"> de &laquo;&nbsp;Quid ?&nbsp;&raquo;<\/span><\/a><\/p>\n","protected":false},"author":1,"featured_media":0,"parent":0,"menu_order":0,"comment_status":"closed","ping_status":"closed","template":"","meta":{"footnotes":""},"class_list":["post-14","page","type-page","status-publish","hentry"],"_links":{"self":[{"href":"https:\/\/www.agme.be\/index.php\/wp-json\/wp\/v2\/pages\/14","targetHints":{"allow":["GET"]}}],"collection":[{"href":"https:\/\/www.agme.be\/index.php\/wp-json\/wp\/v2\/pages"}],"about":[{"href":"https:\/\/www.agme.be\/index.php\/wp-json\/wp\/v2\/types\/page"}],"author":[{"embeddable":true,"href":"https:\/\/www.agme.be\/index.php\/wp-json\/wp\/v2\/users\/1"}],"replies":[{"embeddable":true,"href":"https:\/\/www.agme.be\/index.php\/wp-json\/wp\/v2\/comments?post=14"}],"version-history":[{"count":5,"href":"https:\/\/www.agme.be\/index.php\/wp-json\/wp\/v2\/pages\/14\/revisions"}],"predecessor-version":[{"id":555,"href":"https:\/\/www.agme.be\/index.php\/wp-json\/wp\/v2\/pages\/14\/revisions\/555"}],"wp:attachment":[{"href":"https:\/\/www.agme.be\/index.php\/wp-json\/wp\/v2\/media?parent=14"}],"curies":[{"name":"wp","href":"https:\/\/api.w.org\/{rel}","templated":true}]}}